. What is o(-6)?
4
Let z(y) = -y**2 - 2*y + 4. Let t(f) = -f**3 + 2*f**2 + 3*f - 7. Let c = 6 - 8. Let o = c - 1. Let m(u) = o*t(u) - 5*z(u). Calculate m(-1).
-4
Let s(x) = 2*x**3 + x - 1. Let i be s(1). Let j be ((-1)/(-2))/((-2)/(-12)). Let b(u) = -2*u**i - j - 5*u + u**3 - 4 - 2*u**2. What is b(5)?
-7
Let u be 2/(-6) - (-30)/(-18). Let v(m) = m**3 + 5*m**2 + 3*m + 1. Calculate v(u).
7
Let h(g) = 3*g - 13. Let r(d) = 4*d - 12. Let c(n) = -5*h(n) + 4*r(n). Determine c(-7).
10
Let w(s) be the first derivative of s**4/4 + s**3/3 - 5*s - 4. What is w(0)?
-5
Let n(h) = h**2 - h + 6. Let i(y) = -10 + 17 - 4*y + 3*y. Let d be i(7). Give n(d).
6
Let t(j) = -j - 1. Let s be 4/6 - (-4)/12. Let g(v) = v**2 - 2*v - 8. Let b(m) = s*g(m) - 4*t(m). Let q be 2 + 12/(-5) - (-90)/(-25). Determine b(q).
4
Let n(w) = 3*w + 3*w - 4*w + 1. Let v be (12/14)/((-24)/(-84)). What is n(v)?
7
Let t(m) = -6*m**3 - m**2 + 2*m - 1. Suppose 7*i - 2*i + 5 = 0. Let x = 2 + i. Suppose -d - x = -2. What is t(d)?
-6
Suppose 4*d + 5*p = -37, 0 = 5*d - 3*d + 3*p + 21. Let l(a) = -4*a**2 - a + 3. Let k(o) = -21*o**2 - 4*o + 15. Let i(r) = -2*k(r) + 11*l(r). Give i(d).
-6
Let n(y) = y**2 - y + 1. Suppose -2*t = t - 51. Let r = 12 - t. Let m(f) = f**3 + 6*f**2 + 4*f - 2. Let l be m(r). What is n(l)?
7
Let g(u) = -2*u + 3. Let r be g(-4). Let o = -7 + r. Let n(c) = -c + c**2 - 4 - 2*c + o. Calculate n(4).
4
Suppose -5*c = 25, 14 = h - 3*c - 4. Let f(n) be the third derivative of n**5/60 - n**4/8 + 2*n**3/3 + n**2. Calculate f(h).
4
Let m(k) = 14*k + 14. Let h(i) = 5*i + 5. Let n(u) = -11*h(u) + 4*m(u). Let p(q) = q**3 - 5*q**2 + q - 1. Let l be p(5). Calculate n(l).
5
Let i(a) be the second derivative of -1/4*a**4 - 1/6*a**3 + 0 - 2*a - 1/20*a**5 - 1/2*a**2. Determine i(-3).
2
Suppose 12*p = 17*p - 25. Let t(n) = -n**3 + 5*n**2 - 3*n + 7. Determine t(p).
-8
Suppose -5*n + 5*h - 15 = -45, 2*h + 4 = 0. Let l(m) be the third derivative of 1/8*m**n - 1/60*m**5 - 2*m**2 + 7/6*m**3 + 0 + 0*m. What is l(5)?
-3
Let l(m) = -m**2 + 15 + 5*m - 33 + 24. Calculate l(6).
0
Let x(z) = z**2 - 6*z + 4. Let k(m) be the first derivative of -7*m**2/2 + m - 3. Let i(q) = -6*q. Let f(j) = -6*i(j) + 5*k(j). Let s be f(0). Calculate x(s).
-1
Let f(t) = -t**3 - 1. Let w(a) = -2*a**3 - a**2 - a - 1. Let g(h) = -3*f(h) + w(h). Determine g(0).
2
Suppose 2*q - 12 = 4*d, -4*q + q = -5*d - 17. Let m = -1 + q. Let c(y) = -y**2 + 3*y - 2. Determine c(m).
-2
Let v = -2 - -4. Let z = v - -1. Let u(a) = 4 - a**z + 4*a**2 - 2*a + a**2 + 7*a. Give u(6).
-2
Let u be 2/3*(-7 - -1). Let b(a) = -a**2 - 2*a + 2. Let h(o) = 2*o**2 + 4*o - 3. Let f(q) = -5*b(q) - 2*h(q). Give f(u).
4
Suppose -x + l = 3*l - 14, 0 = 5*x - 5*l - 100. Suppose 2*g - 2*k - x = -0*g, 3*g = -3*k + 9. Let u(h) = 6 + 8*h - 6*h - 3*h. Calculate u(g).
0
Let u be (-34)/(-10) + -4 - 135/25. Let m(h) be the first derivative of h**4/4 + 7*h**3/3 + 7*h**2/2 + h + 1. Give m(u).
-5
Let r(d) = -34*d + 2*d**2 + 5 - 4 + 18*d + 15*d. Give r(1).
2
Let k(f) = -2*f + 7. Let o be (-225)/(-36) + (-2)/8. Determine k(o).
-5
Let t(w) = 13*w - 8. Let q(p) = -p + 1. Let n(l) = -24*q(l) - 3*t(l). Calculate n(1).
-15
Let d(j) = 6*j**2 - 4*j + 3. Let p(m) = -m**3 - 3*m**2 - 3*m. Let n be p(-2). Determine d(n).
19
Let c(o) = o**3 - 6*o**2 + o - 1. Suppose 5*h - 2*x - 39 = x, 2*h + 3 = -5*x. Calculate c(h).
5
Let l(r) = -r**3 - r**2. Suppose -2*p - 26 = -6*p + 3*o, o = -3*p + 13. Suppose p*f - k - 15 = -2*k, 7 = f + k. Suppose -2 = f*m - 0. Calculate l(m).
0
Let i be (-5 - -5)*(1 + 0). Suppose 3 = 3*d - i. Suppose 0 = 3*n + 2 + d. Let j(m) = m**2 + m - 1. Give j(n).
-1
Let s(o) = 6 - 2 + 0 - 2 - o. Determine s(2).
0
Let o(z) = z**3 + 2*z**2 - 2*z + 7. Suppose 7*k + 15 = 2*k. Let i be o(k). Let g(a) = -a**2 + a + 2. Calculate g(i).
-10
Let l(z) = 18*z - 7. Let u(s) = -35*s + 13. Let v(q) = -11*l(q) - 6*u(q). Determine v(-1).
-13
Let p(o) = -o**3 - 4*o**2 + o + 4. Let j be p(-4). Let y(l) = 0*l + j*l + 6*l - 7*l. Let u(z) = -z**3 + 3*z - 3. Let h be u(2). Calculate y(h).
5
Suppose r = -0*r + 2. Let v(o) = 3*o**3 - 9*o**2 - 5*o + 11. Let i(p) = p**3 - 3*p**2 - 2*p + 4. Let u(m) = 11*i(m) - 4*v(m). What is u(r)?
0
Let n(p) = -p**3 - p**2 - 1. Let v be n(0). Let u = v + 3. Let l(a) = -a**3 + 2*a**2 - 3*a. What is l(u)?
-6
Suppose -6 = -5*p - d, -2*p + 16 = -4*d - 4. Let y(z) = -6*z + 3*z**p - 2*z**2 - 1 + 3. Suppose 8 = 2*i + 2. Determine y(i).
-7
Let f be 1/(-4) + 1/4. Suppose 17 = -5*n + 4*d, -4*d - 47 = 4*n - 19. Let x = n - f. Let z(b) = b**3 + 6*b**2 + 5*b - 5. What is z(x)?
-5
Let y(o) be the second derivative of -o**4/12 + 5*o**3/6 + o**2 - o. Let w(c) = 3*c**2 - 10 + 60*c**3 - 15*c + 10*c**2 - 59*c**3. Let d be w(-14). Give y(d).
6
Let v = 28 - 18. Suppose -3*i = -2*a - 3*a + v, -4*a - 29 = 5*i. Let z(q) = -q - 6. Let g(h) = -1. Let u(y) = 5*g(y) - z(y). Give u(i).
-4
Let b(o) = 14*o - 4. Let g(x) = -54*x + 15. Let k(s) = 15*b(s) + 4*g(s). What is k(-1)?
6
Let h(r) = r**2 + 6*r + 4. Let g(t) be the first derivative of t**4/4 + 5*t**3/3 - 2*t**2 + 7*t - 1. Let f be g(-6). Calculate h(f).
-1
Let s = 7 + -12. Let m(v) be the second derivative of -v**5/20 - 5*v**4/12 - v**3/2 - 7*v**2/2 + v. Determine m(s).
8
Let r(a) = -a**3 + 8*a**2 + a. Suppose 5*i + 4*f - 60 = 0, -2*i - 12 = -i - 4*f. Determine r(i).
8
Let k = 20 + -13. Let r(t) = -3 + 2*t**2 - t**3 + 0 - t + k*t. Determine r(4).
-11
Suppose -4*j + 3*j = -2. Let c(u) = 6 - 3*u + u**2 - u + 0*u**j. Let a(o) = -o + 1. Let d be a(-3). Determine c(d).
6
Let m be 0/(0 + -2) - -2. Let u(b) be the first derivative of m*b + 2 - 1/2*b**2. What is u(-3)?
5
Suppose -4 = -j + 2*t, -3*j - 9 = -8*j - t. Let r(x) = 11 + 0*x**3 + x**3 + 0 - 2 - 2*x - 6*x**j. What is r(6)?
-3
Let w(x) = x**2 - 2*x - 7. Suppose 19*z = 109 - 14. What is w(z)?
8
Let d be ((-3)/6)/((9/24)/(-3)). Let c(j) = j - 5. Determine c(d).
-1
Let v(b) = 0*b - 4 - b + 5*b**2 + b**3 - 2*b**3. Determine v(3).
11
Let f(x) be the first derivative of -x**7/840 - x**6/60 - x**5/24 - 5*x**4/24 - x**3 + 2. Let z(i) be the third derivative of f(i). What is z(-5)?
-5
Let z = -21 - -26. Let s(w) = 0*w + 6*w - z*w + 0*w - 2. What is s(6)?
4
Let j(x) = x - 5. Let k be 4 + -4 + 1 + -1. Give j(k).
-5
Let q(p) = -p + 4. Let j be q(2). Suppose c = 2 - 0. Let t(l) = -l - 8 - c*l + 10. Calculate t(j).
-4
Let k(n) = n**2 + 3*n. Suppose 14*i + i = 45. What is k(i)?
18
Let r(t) = -11*t + t**2 + 6*t + 0*t**2 + 4. What is r(5)?
4
Let t = -27 - -21. Suppose -h = -0*h. Let c(k) = 3 + 2*k + h*k + 4. Calculate c(t).
-5
Let v(b) = -4*b**3 + 9*b**2 - 6*b + 12. Let i(l) = -3*l**3 + 8*l**2 - 5*l + 11. Let u(k) = 3*i(k) - 2*v(k). Let r be (6/1)/2 - -3. Determine u(r).
-9
Let w(d) be the third derivative of -d**4/12 - d**3 + 4*d**2. Let j be -6*(-5 - -2)/(-3). What is w(j)?
6
Suppose 0 = 3*p + p - 4. Let t(g) = 5*g + 1. Let c = -16 + 10. Let q(u) = -6*u - 1. Let x(v) = c*q(v) - 7*t(v). What is x(p)?
0
Let b(a) = 1. Let n(l) = 3*l**2 - l - 5. Let m(p) = -6*b(p) - n(p). Determine m(1).
-3
Let v(j) = -j - 2. Let g be v(4). Let k(z) = 18*z + 12 + 13*z - 30*z. Determine k(g).
6
Suppose -2*f - 4*w - w = -21, -f = 2*w - 9. Suppose -y = 2*r + 10, -3*y = -f*r + 7 + 5. Let m(h) = -h - 7. What is m(y)?
-1
Let a = -38 + 20. Let c = a - -15. Let s(j) = -j**2 - 4*j. Determine s(c).
3
Let l(r) = -3*r**3 - 6*r**2 + 4*r - 1. Let k(u) = -8*u**3 - 17*u**2 + 11*u - 3. Let w(s) = -4*k(s) + 11*l(s). Give w(2).
1
Let d(f) = -f**2 + 5*f - 6. Let a be (-37)/((-2)/(-1) + -1). Suppose -w = -0*w + 7. Let n be (-2)/7 + a/w. What is d(n)?
-6
Let o(z) be the third derivative of -z**4/8 + z**3/6 - 3*z**2. Suppose 0 = -0*i + 2*i - 10. Suppose -i*f + 3 = -2. Determine o(f).
-2
Let t(h) = 2*h + 1. Suppose -4*j - 2 = -3*j. Calculate t(j).
-3
Let o(j) = j**3 - 5*j**2 + j. Let v be (5/3)/(3/9). Let y be o(v). Let g(r) = -3*r**2 - 2*r + 3*r - y*r + r**3 - 1 - 3. Calculate g(4).
-4
Suppose -3*k = 2*d - 4, k - 3 = 3*d + 2. Let l = -12 + 14. Let n(i) = -k - i + l. Calculate n(-2).
2
Suppose -25 = -9*j + 4*j + 3*p, 2*j - 21 = -p. Suppose 4*o = 4 + j. Suppose 0 = o*q + 4*i + 1, i = -7*q + 3*q - 10. Let d(c) = -4*c - 4. Determine d(q).
8
Let i(g) = 3*g**3 - 2*g**2 - 3*g + 3. Let k(n) = -4*n**3 + 2*n**2 + 3*n - 4. Let u(x) = 5*i(x) + 4*k(x). Calculate